of 2000 and 2815?
5
Calculate the highest common divisor of 2842 and 37926.
98
Calculate the greatest common divisor of 64 and 163136.
64
Calculate the greatest common factor of 384 and 197632.
128
What is the greatest common factor of 5 and 2063185?
5
Calculate the greatest common factor of 80 and 1618780.
20
Calculate the highest common divisor of 217 and 4879.
7
Calculate the greatest common factor of 317720 and 7990.
470
Calculate the greatest common factor of 19177343 and 17.
17
Calculate the greatest common factor of 3114909 and 7.
7
Calculate the greatest common divisor of 64 and 2573008.
16
Calculate the greatest common factor of 30608 and 1808.
16
Calculate the highest common factor of 1920039 and 498.
249
Calculate the greatest common divisor of 15 and 73290.
15
What is the greatest common divisor of 1060 and 318636?
212
What is the greatest common divisor of 600848 and 544?
272
What is the highest common factor of 8 and 958?
2
What is the highest common factor of 1535696 and 2624?
656
What is the greatest common divisor of 63 and 85687?
7
What is the greatest common divisor of 87 and 4402113?
87
Calculate the highest common factor of 592 and 56536.
296
Calculate the greatest common factor of 3976 and 34080.
568
Calculate the highest common divisor of 609999 and 52.
13
Calculate the greatest common factor of 138586 and 76.
38
Calculate the highest common factor of 14 and 10346.
14
What is the highest common factor of 237380 and 20?
20
What is the greatest common divisor of 110607 and 65723?
1603
Calculate the greatest common divisor of 330498 and 72.
18
Calculate the greatest common factor of 1626 and 6.
6
What is the highest common divisor of 1701 and 155925?
567
Calculate the greatest common divisor of 16 and 58696.
8
What is the greatest common factor of 132 and 77076?
12
Calculate the greatest common divisor of 466866 and 2664.
666
What is the greatest common divisor of 8188 and 4603703?
2047
What is the highest common divisor of 266743 and 2198?
157
Calculate the greatest common factor of 596 and 479929.
149
What is the greatest common divisor of 63 and 153?
9
What is the greatest common factor of 70 and 14880?
10
Calculate the highest common factor of 39440 and 124352.
464
Calculate the highest common divisor of 342 and 22002.
114
Calculate the highest common factor of 3052269 and 22.
11
Calculate the greatest common divisor of 7682 and 24716.
334
Calculate the greatest common factor of 15956504 and 76.
76
Calculate the greatest common factor of 4110 and 2610.
30
Calculate the greatest common factor of 298576 and 48.
16
What is the highest common divisor of 10 and 26375?
5
Calculate the greatest common divisor of 317079 and 36.
9
Calculate the highest common factor of 1170 and 286182.
234
Calculate the highest common factor of 11382 and 1134.
42
Calculate the greatest common factor of 34122 and 1410.
282
What is the greatest common factor of 5 and 36675?
5
Calculate the greatest common factor of 637 and 1176.
49
Calculate the highest common factor of 10 and 2428.
2
Calculate the greatest common divisor of 5075 and 69600.
725
What is the highest common divisor of 323055 and 1485?
135
Calculate the highest common divisor of 86149 and 124.
31
Calculate the highest common divisor of 789687 and 9.
9
What is the greatest common divisor of 11427 and 391155?
879
What is the highest common divisor of 652437 and 45?
9
Calculate the greatest common factor of 53 and 1663723.
53
Calculate the highest common divisor of 10483 and 297.
11
What is the greatest common divisor of 353024 and 1182?
394
Calculate the greatest common divisor of 232150 and 50.
50
What is the highest common factor of 6067358 and 316?
158
Calculate the greatest common factor of 840 and 101850.
210
Calculate the highest common divisor of 420478 and 83.
83
What is the greatest common factor of 13801 and 111?
37
What is the highest common divisor of 2174 and 122?
2
Calculate the highest common factor of 207790 and 550.
110
Calculate the greatest common factor of 364405 and 155.
155
What is the greatest common factor of 1568600 and 744?
248
Calculate the greatest common divisor of 80 and 2135.
5
Calculate the highest common divisor of 6 and 93118.
2
Calculate the greatest common divisor of 260 and 290030.
130
Calculate the highest common factor of 11 and 1776.
1
Calculate the greatest common divisor of 602053 and 152.
19
Calculate the greatest common divisor of 15675 and 685.
5
Calculate the highest common divisor of 602724 and 12.
12
Calculate the greatest common factor of 680 and 247860.
340
What is the highest common divisor of 49 and 59311?
7
Calculate the greatest common divisor of 2967 and 158154.
129
What is the highest common divisor of 396 and 1216017?
99
What is the greatest common divisor of 355554 and 288?
18
Calculate the highest common divisor of 156 and 2132.
52
Calculate the highest common factor of 2021 and 6439.
47
Calculate the greatest common factor of 15755 and 2875.
115
Calculate the greatest common factor of 35988 and 4.
4
Calculate the highest common factor of 105316 and 6780.
452
What is the highest common divisor of 2743 and 77648?
211
What is the highest common divisor of 47 and 72521?
47
Calculate the greatest common factor of 28888 and 1.
1
Calculate the greatest common divisor of 26 and 3054.
2
Calculate the highest common factor of 45 and 32115.
15
Calculate the greatest common factor of 21 and 263949.
21
What is the greatest common factor of 3315 and 378267?
51
What is the greatest common divisor of 22 and 21615?
11
Calculate the greatest common factor of 46396 and 140.
28
Calculate the greatest common divisor of 29631 and 6308.
83
What is the greatest common factor of 18 and 7526322?
18
What is the greatest common factor of 924 and 696432?
132
What is the highest common divisor of 356 and 5251?
89
Calculate the greatest common divisor of 1023 and 116457.
33
Calculate the greatest common divisor of 15246 and 34287.
33
Calculate the highest common factor of 14960 and 4202.
22
What is the highest common divisor of 52 and 1482?
26
Calculate the greatest common divisor of 2793 and 111036.
57
Calculate the highest common factor of 13680 and 192888.
1368
Calculate the highest common divisor of 30 and 6547240.
10
Calculate the greatest common factor of 989 and 8011889.
989
Calculate the greatest common factor of 1702 and 1058.
46
What is the highest common divisor of 19 and 192546?
19
What is the highest common factor of 602 and 280?
14
What is the highest common divisor of 36 and 52902?
18
Calculate the highest common factor of 2756 and 7795346.
1378
Calculate the highest common factor of 113049 and 158.
79
What is the greatest common factor of 4248 and 2016?
72
Calculate the highest common factor of 63 and 164913.
21
What is the greatest common factor of 4947473 and 191?
191
What is the greatest common divisor of 1937 and 439997?
149
What is the highest common divisor of 725 and 783?
29
What is the greatest common divisor of 495496 and 32?
8
Calculate the highest common factor of 77 and 11000.
11
What is the highest common factor of 576 and 2313?
9
Calculate the greatest common factor of 171 and 139099.
19
What is the greatest common factor of 385 and 42273?
77
Calculate the greatest common divisor of 8 and 192544.
8
Calculate the greatest common factor of 1936 and 7172.
44
Calculate the greatest common factor of 1258907 and 1611.
179
Calculate the greatest common factor of 49345 and 56990.
695
Calculate the highest common divisor of 164376 and 432.
216
What is the greatest common divisor of 5678 and 5338?
34
Calculate the highest common divisor of 18177 and 1533.
219
Calculate the highest common factor of 47650 and 5650.
50
What is the greatest common divisor of 389069 and 67?
67
What is the greatest common factor of 383 and 527774?
383
Calculate the greatest common factor of 4288 and 32629.
67
What is the highest common divisor of 2580 and 7260?
60
What is the greatest common divisor of 18325 and 5675?
25
What is the highest common factor of 326 and 244826?
326
What is the highest common divisor of 449416 and 704?
88
What is the greatest common factor of 12 and 2858764?
4
Calculate the greatest common factor of 64 and 688.
16
What is the gr